613)
54
Calculate 0 + 2 + 13 + 6 + -11 + 1 + -46.
-35
Calculate (-40 + (37 - 12) - -24) + -39.
-30
What is 19 + -15 + 14 + -27 + -14?
-23
Evaluate 7 + (55 - (8 + -7) - (-224 - -208)).
77
Calculate -26 - (11 - (15 - (-13 + 23))).
-32
What is -84 - ((-17 - (-16 - -16)) + 1 + 8)?
-76
Evaluate (-1 - 11) + (-227 - (-408 - -130)).
39
-22 + 6 - (-101 - -96)
-11
Calculate -79 + -12 + 117 - 104.
-78
What is the value of 22 + (-11 - (76 - (42 + -23)))?
-46
What is the value of 59 - (-22 + 63 - 8)?
26
What is the value of -91 + 47 + 48 - (0 + -9)?
13
Evaluate (-121 - -87) + 48 + 18.
32
-91 + 187 + -25 + -20
51
(97 - 18) + (24 - (45 - 52))
110
(-7 + 4 - (-10 - -5 - 1)) + (-1 - -7)
9
What is 24 - ((32 - 60) + 44)?
8
(0 - -3) + -38 + 3 - (19 + 83 + -99)
-35
Calculate (-16 - ((-4 - -5) + -6 + -6)) + 123.
118
-82 - (12 + (6 - 11) - 50)
-39
Evaluate 0 + 36 + (-1 - 0) + 1 - (-628 - -616).
48
Evaluate 40 + -12 + -2 + -7 + -37.
-18
-170 - (-41 + -113) - (-1 - 7)
-8
What is the value of -7 + (18 + -17 - 7 - -63)?
50
What is the value of 58 + 0 + (1 - -1) + -552 + 546?
54
Calculate -18 - (-44 + 63) - -80 - 61.
-18
Evaluate -75 + 69 + 4 + 22.
20
Calculate (-53 - (-21 - 24)) + (3 - 1) + -12 + 11.
-7
(-24 - (-40 - 12) - 21 - 26) + 63
44
Calculate 5 - (0 + -8 - 24 - (16 - 17)).
36
What is (-14 - (-15 + 0)) + (11 - -2) + -62?
-48
106 + (-246 + 235 - (-2 - -26))
71
-7269 - -7298 - (-2 - (0 + 8) - 2)
41
(20 - 32 - -42) + (-18 - -12)
24
What is 49 - -1 - (1 - (-11 - (18 + -25 - 0)))?
45
Calculate 9 - -24 - 46 - -57.
44
43 + -7 - (-2 + (9 - 10 - -7))
32
What is the value of 8 + -2 + (-12 - (4 - 13 - (-63 - 14)))?
-74
Calculate -27 + 3 - (-224 - -168).
32
Calculate 4 + -9 - (-14 - 15).
24
What is -2668 + 2721 - (-5 + 9 + -41)?
90
(1 + 1 + 2 - (-7 - -14 - -5)) + 71
63
What is the value of -6 + (2 - 14) + 11 + (4 - -2) - -6?
5
What is -3 + -18 - 3 - (-775 - -737)?
14
What is the value of (22 - 9) + -41 - ((13 - -7) + -12)?
-36
What is 162 + -66 + -127 - (2 - 0)?
-33
What is -14 + 14 + -9 + -5 - (-2 - 21)?
9
What is -13 - (2 - (44 - 61))?
-32
Evaluate -9 + -1 + 1 + (-76 + -9 - -115).
21
(-181 - -53 - -100) + 3 + -1 + -5
-31
What is (2 + -19 + 19 + 55 - 19) + -21?
17
Calculate -8 - (-53 + 3) - (30 + (-22 - -2)).
32
76 - (34 - (-14 + 11))
39
What is the value of (-54 - -89 - 58) + 85?
62
-9 + (26 - (26 - -24))
-33
Evaluate (-85 - -109) + (-43 - 66).
-85
What is -16 + 22 - 17 - (35 + -2) - 1?
-45
2 + 57 + -32 + 166 + -104
89
-17 + 22 + -23 - (-16 + 21 + 15)
-38
-3 + (-11 - 0 - (-7 - (0 - -4))) + -48
-51
1353 - 1294 - (-2 - 7)
68
-288 + 164 + 2 + (4 - 2 - 24)
-144
(-25 - (-16 + 3)) + (-59 - 0) - -9
-62
Evaluate 20 - 0 - (-3283 - -3213).
90
42 - 18 - 9 - 46
-31
-6 - ((-20 - 82) + 10)
86
Calculate 18 + 4 - (8 - (-7 - -8 - 3)).
12
Calculate -9 - (-6 - 2 - -72) - (-18 + 9).
-64
What is (-8 - -40) + -27 - -7?
12
What is (18 + (-38 - 1) - -12) + 45?
36
-6 + 27 + -480 + 482
23
Calculate 2 - 47 - ((-71 - -69) + -3 + 4 + -5).
-39
Calculate 25 + 1 - (215 - (40 + 174)).
25
Evaluate 18 - 3 - (-3 + -5 - 13).
36
Calculate -65 + (0 - -27 - (182 + -168)).
-52
What is -123 + 307 - (-13 + 144)?
53
Evaluate 0 + -1 + 2 + -2 - 28 - (-43 - -41).
-27
What is the value of -8 - (-63 - -41 - 69)?
83
(-27 - -8) + 48 - 41
-12
Evaluate 1 + (-1 + (8 - 11) - -13 - 54).
-44
-21 + (-1 - (-19 - -32)) + 69
34
Evaluate -59 - (14 - (-24 + 30) - (9 - 5)).
-63
Calculate (-41 - -43) + (19 - 82).
-61
What is the value of (1053 - 999) + -54 + -2?
-2
What is the value of 43 + -38 + (-6 - (1 + -2 + (-93 - -39)))?
54
Calculate -46 - ((14 - (26 + -8)) + 1 - -6).
-49
-55 - (12 + 2 + -1 - (1408 - 1391))
-51
Calculate (43 - 11) + -8 + -7 + -5.
12
18 + -33 - (102 + -117)
0
Calculate 1 + 116 - (-4 + 3 + 25).
93
2 + (5 - 7) + 1 + 4 + -36 + -8
-39
What is (45 - (80 - 30) - (0 - 5)) + 37?
37
Evaluate -3 - -44 - (-81 + 52 + -11).
81
Calculate -5 + (19 - (7 + 26) - 1).
-20
What is the value of (-2 - -20) + 33 - 36?
15
(15 - (-17 + 66 + -11)) + 11 - (-85 + -1)
74
What is the value of -379 - -386 - (102 - (0 - -11))?
-84
(9 + -35 + -5 - -16) + 0 - -33
18
Calculate (5 - (-7 - (-5 - 0))) + 31 + (-144 - -66).
-40
Evaluate -2 + 4 - (-39 + -35 + 7 + 33).
36
Evaluate -75 + -66 + (70 - -80).
9
What is -9 + (65 - 31 - -10)?
35
-27 + -53 + 8 - -78
6
What is 13 - (-93 + (217 - 72))?
-39
What is -5 - 14 - (50 - -3 - 37)?
-35
Calculate (15 - (30 + 12 - (-11 - -1))) + 2.
-35
Evaluate (30 - (-31 - -43)) + (-2 - -9 - -1).
26
Calculate 50 - ((-3 - -36) + -17 - (25 - 9)).
50
62 - (-103 - -202) - (2 - 38)
-1
What is the value of 19 + 0 + 2 + -27 - (3 - 32)?
23
Calculate 0 + -36 - ((-25 - (-86 + 35 + 20)) + -22).
-20
What is -17 + -4 - ((51 - 2) + -49)?
-21
Evaluate (-18 - -88 - 7) + 10 + -15.
58
Calculate 16 + (19 - (87 - 115)).
63
Evaluate 20 - ((-3 - 7) + -22 + 44).
8
What is the value of -2 + 194 + (3091 - 3200)?
83
(8 - ((6 + -2 - -4) + 1)) + (2 - -24)
25
Evaluate 82 + (16 - (70 + -14)).
42
Evaluate -1 + (-7 - (6 - 5 - 8)) - -22.
21
Calculate (-57 - (9 + -45)) + -5 + -31 + 0.
-57
What is (-113 - (-78 - 315)) + -144?
136
What is the value of -2181 - -2144 - (-15 - -2)?
-24
What is the value of -18 + (30 + -47 - 12)?
-47
What is ((15 - -21) + -29 - (-2 - 1)) + -2?
8
Calculate 12 + (-21 - 1) + (374 - 372).
-8
Evaluate -40 - (-12 + 10) - (-103 + 129).
-64
What is the value of 68 + (-53 - -84) + -31?
68
Calculate (-2 - -10) + -84 + 74.
-2
Evaluate 47 - ((9 - (6 + -2)) + (-12 + -6 - -10)).
50
24 + (-4 - 0 - (9 + -21) - 11)
21
What is the value of 81 + -4 + -46 - 21?
10
What is the value of -32 + (-53 - -21) + 102?
38
Evaluate (-345 - -269 - -65) + (6 - -1 - -1).
-3
What is -113 + 10 + -6 + 1 + (-11 + -5 - -24)?
-100
What is the value of (-1 + 9 - 2 - (182 - 188)) + 167 + -42?
137
What is the value of -13 - (9 + (4 - 37)) - 5?
6
What is the value of (-4 + 24 - ((14 - 11) + 4)) + 1?
14
Calculate (3 - -1) + 5 + (-463 - -426).
-28
Evaluate 10 - (20 + (-16 - (13 - 14)) - (-29 + 1)).
-23
What is (-7 - 2 - (14 + (-8 - 5))) + -27?
-37
-20 + -11 - (16 - 22 - -19 - (-8 - -29))
-23
Calculate (7 - (-33 - (26 - 67))) + (2 - (41 - 1)).
-39
Evaluate -10 + (16 - 9 - -5) + 9 + -6.
5
Evaluate 23 - (4 + 0) - (28 + -24) - 89 - 11.
-85
Calculate (2074 - 2023) + (0 - 46).
5
Evaluate (47 - (-19 + 70)) + (-1 - -19).
14
What is the value of (-3620 + 3606 - (0 + -10 + (0 - 0))) + 38?
34
Calculate -2 + -9 - (-31 + 16 - 26).
30
What is (-68 - 0) + (-55 - (-141 - -79)) - 20?
-81
16 - (12 + 2 + -12 + 12)
2
23 + -28 + (-4 - -8) - -8
7
What is the value of (-6 - 23) + 19 + -1 + -8 - -147?
128
What is -21 + 6 + 11 + (1 - -2) + (-61 - 16)?
-78
Calculate -9 - 54 - -8 - (-63 + 51) - -6.
-37
What is the value of -15 + 43 - (-187 - -215)?
0
What is (13 - 65) + -41 + 28 + 3?
-62
What is -7 - ((15 - 8) + -17 - (7 - -12))?
22
31 + 2 - 85 - -103
51
Evaluate 1 + -26 + 15 + 28 + -11 + -1 + 13.
19
-15 - ((12 + 1 - 12) + 60) - -11
-65
What is 16 + (10 - 22 - 1 - -11) + 4?
18
Evaluate (62 + -3 + -46 - (31 - 2)) + -100 + 1.
-115
Calculate (-56 - (-68 - -3)) + -15 + -3.
-9
Calculate (-3 - (1 + -17)) + (-373 - -343).
-17
What is the value of -108 - (1 - 14 - (-35 - -28)) - (31 - 22)?
-111
Calculate (79 - 0 - 6) + (6 - (8 + -11 + 12)).
70
Calculate 9 + -37 - (5 + (-9 - 1)).
-23
What is -3046 + 3086 + -80 + 1?
-39
What is (50 + (3 - 4) - (79 - 95)) + 19?
84
Calculate (105 + -103 - -8) + 30.
40
What is (2 - (1 - -12)) + 21 + 16 + 24 + -5?
45
What is the value of 19 + -62 + (-2 - (-2 - -7 - -2) - -2)?
-50
Evaluate 87 - (1 + -35 - (-2087 + 2087)).
121
What is the value of (-162 - -174) + (2 - 0 - 0) - 10?
4
What is 15 + (-12 - (-3 - 10)) + -3 + 11?
24
-5 + 13 + -11 + 13 - (4 + 6 + -50)
50
What is the value of (2 + 0 + -5 - (19 + (-11 - 28))) + 7?
24
What is 42 - (100 + -51) - -14?
7
-2 + (-29 - -39) + 1 + (69 - 0)
78
What is the value of (1 - -13 - (3 + 0)) + -2 - (4345 + -4393)?
57
What is the value of 104 - (50 - (-67 - -26))?
13
53 - 3 - (-14 + 4 - -27) - -1
34
16 + -83 + 32 + 85
50
What is 69 + (-2 - 9) + (42 - (-26 + 77))?
49
What is the value of -27 + 74 + -34 - -26?
39
What is the value of -76 + (-185 + 182 - (5 - -1)) + 8?
-77
What is -2 - -30 - (-53 - -32 - -7 - (-4 + -12))?
26
Calculate 1871 - 1961 - (3 + 0 + -32).
-61
Evaluate 36 + (2 - 5) + 11.
44
What is 3 + -50 - (13 + -13 + (27 - 16))?
-58
Wh